se 4, what is 221 - -132233?
133120
In base 2, what is -1000011 + 1000111011000?
1000110010101
In base 9, what is 6263374 + -2?
6263372
In base 14, what is -2c + 4?
-28
In base 9, what is 483207 + 0?
483207
In base 5, what is -21421110 + 0?
-21421110
In base 5, what is -4113212 + -12?
-4113224
In base 16, what is e3 + -66?
7d
In base 10, what is -24 - 43839?
-43863
In base 11, what is -7 - 68a2?
-68a9
In base 8, what is 1122254 - -4?
1122260
In base 4, what is -1230 - -11032?
3202
In base 12, what is 557a7 - 3?
557a4
In base 4, what is 23 + -13231012?
-13230323
In base 16, what is 5c2 + 35?
5f7
In base 10, what is -10 - -291013?
291003
In base 15, what is -8 + 1a4?
19b
In base 12, what is -ab392 - 4?
-ab396
In base 8, what is -56250 - 3?
-56253
In base 16, what is 7 - -164db?
164e2
In base 13, what is -1a00 - -12?
-19bb
In base 15, what is 2b42 - -9?
2b4b
In base 10, what is 1457 - 1555?
-98
In base 4, what is -1021202 + -112?
-1021320
In base 16, what is 4d + -4fe?
-4b1
In base 4, what is -10 - 2323113?
-2323123
In base 8, what is 2642 + -67?
2553
In base 5, what is -32321 - -32?
-32234
In base 10, what is 4 + 73317?
73321
In base 12, what is 1 - -410a?
410b
In base 15, what is -a6c3ae + -2?
-a6c3b1
In base 13, what is -37 + -427?
-461
In base 2, what is 1 - -1011000000101100?
1011000000101101
In base 4, what is 121211321 + -3?
121211312
In base 3, what is 12211 - 12201?
10
In base 11, what is -1 + -8971?
-8972
In base 6, what is -3 - -1515435?
1515432
In base 5, what is -1031010 - -22?
-1030433
In base 2, what is 10110000010 + 100111?
10110101001
In base 2, what is 101111001100101110100 + 11?
101111001100101110111
In base 6, what is 2224553 - 0?
2224553
In base 9, what is 1 - -343427?
343428
In base 16, what is 355 - 0?
355
In base 8, what is -20021 + -6?
-20027
In base 7, what is -3 - 41452?
-41455
In base 10, what is 247908 + 5?
247913
In base 4, what is 13012 - -122?
13200
In base 4, what is 10 - -23303120?
23303130
In base 6, what is 3 + -5411235?
-5411232
In base 10, what is 3 - -306803?
306806
In base 7, what is -2416033 - 4?
-2416040
In base 10, what is -4 - 7778?
-7782
In base 3, what is 121110 + -222?
120111
In base 5, what is 13442202 + 1?
13442203
In base 7, what is -63510 + -5?
-63515
In base 12, what is 4985 + 4?
4989
In base 5, what is -1 - -1301200?
1301144
In base 6, what is -2322124 - 51?
-2322215
In base 8, what is 4 + -20545?
-20541
In base 2, what is -1001011110011110 - 1100?
-1001011110101010
In base 14, what is -b - db1?
-dbc
In base 13, what is -5 + -41b3?
-41b8
In base 5, what is -1134210 - -1032?
-1133123
In base 15, what is d4e + 9c?
deb
In base 8, what is 117612 + -22?
117570
In base 14, what is 4 + -11a8c9?
-11a8c5
In base 6, what is -5522 - -4424?
-1054
In base 12, what is -383 - 48?
-40b
In base 7, what is 0 - 13444514?
-13444514
In base 6, what is 0 - -50303?
50303
In base 10, what is -34 + -37273?
-37307
In base 5, what is 4 + 1142022?
1142031
In base 16, what is -1 - -88cd7?
88cd6
In base 2, what is -110011110000001101 - 0?
-110011110000001101
In base 14, what is -3 - -402?
3dd
In base 8, what is 2453 - -12?
2465
In base 9, what is -205880 - -4?
-205875
In base 14, what is -37a + 5?
-375
In base 15, what is 25c6 + 181?
2757
In base 9, what is 115031 - 2?
115028
In base 10, what is -1 + 8165?
8164
In base 7, what is 516545 + -30?
516515
In base 12, what is 5b + 614?
673
In base 7, what is -5 - -134453?
134445
In base 16, what is -17e90 - 4?
-17e94
In base 16, what is -4 - -1adf?
1adb
In base 14, what is 4 - -15a1?
15a5
In base 5, what is 413 - -232143?
233111
In base 10, what is 274 + 1672?
1946
In base 7, what is 6 + -4342?
-4333
In base 3, what is -21 - 20112022?
-20112120
In base 5, what is 10200 - 213?
4432
In base 11, what is -93 - -2049?
1a66
In base 12, what is 30b427 + -3?
30b424
In base 3, what is 2112 + -101102?
-21220
In base 14, what is 66 + 128c3?
12949
In base 8, what is 54 - 267?
-213
In base 15, what is 7 - 372b?
-3724
In base 16, what is 453f - 51?
44ee
In base 6, what is -511 - -54?
-413
In base 8, what is 11 + -17147?
-17136
In base 12, what is -3330 + 36?
-32b6
In base 2, what is 100100011011 - 1100011111?
10111111100
In base 10, what is -3788 + -42?
-3830
In base 8, what is -17253 - 7?
-17262
In base 6, what is 100235 + -3?
100232
In base 16, what is 16b - 4e2?
-377
In base 12, what is 66b71 - -3?
66b74
In base 14, what is 22579 - -2?
2257b
In base 10, what is 211818 - 2?
211816
In base 3, what is 1201120100 + -110?
1201112220
In base 8, what is -226 + -455?
-703
In base 4, what is 2321012 - 30?
2320322
In base 15, what is 1417 - 36?
13d1
In base 2, what is 1001000001 - 1?
1001000000
In base 8, what is 24 + 222656?
222702
In base 16, what is 3ec - -43?
42f
In base 12, what is -1 - 1a9a9?
-1a9aa
In base 12, what is 3499 + -79?
3420
In base 2, what is -100001000110111 - -1111100?
-100000110111011
In base 10, what is 1115 + -4?
1111
In base 13, what is 1 - -12b22?
12b23
In base 7, what is 106112 + -21?
106061
In base 3, what is -10 + 1202100211?
1202100201
In base 12, what is -4289 + -458?
-4725
In base 2, what is 10000001010010010110111 + -11?
10000001010010010110100
In base 12, what is -6 - -53935?
5392b
In base 12, what is 18 - 16578?
-16560
In base 14, what is -8dc36 + 1?
-8dc35
In base 2, what is -1010010010 - -101000111?
-101001011
In base 5, what is -22 + -43140?
-43212
In base 16, what is 3ad + -11?
39c
In base 6, what is 51 - -2335?
2430
In base 11, what is -647 + 81?
-576
In base 2, what is 1110 - 100111111111?
-100111110001
In base 14, what is 19188 - 4?
19184
In base 5, what is -10 + -4332320?
-4332330
In base 16, what is -23c - -194?
-a8
In base 8, what is 2770453 - -2?
2770455
In base 12, what is -14 - 7758?
-7770
In base 14, what is 5 - bda?
-bd5
In base 5, what is -4430044 - 20?
-4430114
In base 9, what is -155823 - 2?
-155825
In base 10, what is 3743 + -4?
3739
In base 14, what is -3 + 12c0d4?
12c0d1
In base 15, what is -362 - 40?
-3a2
In base 2, what is 10111010010011 + -1000111?
10111001001100
In base 9, what is -66 - -206?
130
In base 2, what is 11010100110 + 110111?
11011011101
In base 10, what is -2131153 - -4?
-2131149
In base 3, what is 21112 - -11212?
110101
In base 3, what is -1 + 21210011211?
21210011210
In base 13, what is 34 + 1684?
16b8
In base 2, what is -100101 + 1011?
-11010
In base 8, what is 30 + -45126?
-45076
In base 13, what is 0 - -1852?
1852
In base 14, what is -12bd9 + 0?
-12bd9
In base 11, what is 4 - 17aa3?
-17a9a
In base 13, what is 4 - b87a?
-b876
In base 8, what is -4152 + 303?
-3647
In base 14, what is 1c - 26b?
-24d
In base 3, what is -10102110200 + 1011?
-10102102112
In base 11, what is -2 - -115a?
1158
In base 2, what is -10011 + 10000101000?
10000010101
In base 15, what is 1a3ca + 3?
1a3cd
In base 2, what is 110010010000010110000 + 0?
110010010000010110000
In base 9, what is -215 - -253?
37
In base 12, what is 2 - 1230?
-122a
In base 10, what is -574 - 581?
-1155
In base 14, what is 8a2 + 99?
95b
In base 12, what is -254a + 48?
-2502
In base 8, what is 5 + -245?
-240
In base 15, what is 3 - 1ac2b?
-1ac28
In base 16, what is -217 + 52?
-1c5
In base 4, what is 233 - 1130102?
-1123203
In base 13, what is 0 + 16356c?
16356c
In base 15, what is b + 3580?
358b
In base 5, what is 4 + -12142112?
-12142103
In base 8, what is 1766 - -3211?
5177
In base 5, what is -3111001223 - 2?
-3111001230
In base 13, what is 15 - -1738?
1750
In base 15, what is -44 + -534?
-578
In base 8, what is -23610062 - -5?
-23610055
In base 6, what is -4 - -3030515?
3030511
In base 4, what is -213333 - -3112?
-210221
In base 8, what is 723561 - -10?
723571
In base 12, what is -2 + 233513?
233511
In base 9, what is 527152 + 5?
527157
In base 12, what is 11 + -4493?
-4482
In base 2, what is -110011 - -10011101100010?
10011100101111
In base 3, what is -20002220011 - 11?
-20002220022
In base 7, what is -3 + -256365?
-256401
In base 8, what is 57 - 2357?
-2300
In base 8, what is 230205 - -3?
230210
In base 12, what is b4a864 - 4?
b4a860
In base 14, what is -69 + 222?
197
In base 9, what is -82 + 8883?
8801
In base 9, what is -72800 + 22?
-72767
In base 8, what is -134542 + 2?
-134540
In base 4, what is 3 + 2222231?
2222300
In base 6, what is 3 - -14012?
14015
In base 2, what i